{"id":30,"date":"2015-09-06T18:19:20","date_gmt":"2015-09-06T18:19:20","guid":{"rendered":"http:\/\/localhost\/nhsztisza\/?page_id=30"},"modified":"2018-08-05T13:03:51","modified_gmt":"2018-08-05T12:03:51","slug":"letesitmenyeink","status":"publish","type":"page","link":"https:\/\/www.nhsztisza.hu\/new\/vallalatrol\/letesitmenyeink\/","title":{"rendered":"L\u00e9tes\u00edtm\u00e9nyeink"},"content":{"rendered":"<p><strong style=\"text-align: justify;\">Dep\u00f3nia<\/strong><\/p>\n<p style=\"text-align: justify;\">4 db, egym\u00e1st\u00f3l oszt\u00f3t\u00f6lt\u00e9ssel elv\u00e1lasztott hullad\u00e9klerak\u00f3 kazetta: az \u00e9vente lerak\u00e1ssal \u00e1rtalmatlan\u00edt\u00e1sra ker\u00fcl\u0151 nem vesz\u00e9lyes hullad\u00e9k (D5 kezel\u00e9si k\u00f3d) mennyis\u00e9ge megk\u00f6zel\u00edt\u0151leg 40.000 t \/\u00e9v. A hullad\u00e9klerak\u00f3 kazett\u00e1i a 0409\/11 hrsz-\u00fa ter\u00fclet d\u00e9li k\u00e9tharmad\u00e1ban, 10 ha ter\u00fcletet foglalnak el, a dep\u00f3nia v\u00e9gs\u0151, tervezett \u00f6sszt\u00e9rfogata 915.000 t\u00f6m\u00f6r m3.<\/p>\n<p><img loading=\"lazy\" class=\"aligncenter\" src=\"http:\/\/nhsztisza.hu\/cegunkrol-bemutatkozas_clip_image006.jpg\" alt=\"showImage.asp-ID=33.jpg\" width=\"709\" height=\"531\" hspace=\"12\" \/><\/p>\n<p style=\"text-align: justify;\">\n<p style=\"text-align: justify;\"><strong>V\u00e1logat\u00f3<\/strong><\/p>\n<p style=\"text-align: justify;\">Hullad\u00e9k ut\u00f3v\u00e1logat\u00f3 \u00e9s b\u00e1lat\u00e1rol\u00f3 csarnok: A 2 x 4 munka\u00e1ll\u00e1sos v\u00e1logat\u00f3 a szelekt\u00edven gy\u0171jt\u00f6tt pap\u00edr, \u00fcveg, m\u0171anyag \u00e9s f\u00e9m ut\u00f3v\u00e1logat\u00e1s\u00e1t szolg\u00e1lja.<\/p>\n<p style=\"text-align: justify;\"><img loading=\"lazy\" src=\"http:\/\/nhsztisza.hu\/cegunkrol-bemutatkozas_clip_image008.jpg\" alt=\"showImage.asp-ID=63.jpg\" width=\"709\" height=\"533\" hspace=\"12\" \/><\/p>\n<p style=\"text-align: justify;\">Kapacit\u00e1sa 2750 t\/\u00e9v, mely a szalagsebess\u00e9g v\u00e1ltoztat\u00e1s\u00e1val \u00e9s a m\u0171szaksz\u00e1m n\u00f6vel\u00e9s\u00e9vel dupl\u00e1j\u00e1ra n\u00f6velhet\u0151. A szelekt\u00edven gy\u0171jt\u00f6tt hullad\u00e9k mennyis\u00e9ge 20 \u00e9ves \u00e1tlagban: 46.000 laza m3\/\u00e9v (8.000 t\/\u00e9v). A v\u00e1logat\u00f3 egy 973,44 m2-es z\u00e1rt, ac\u00e9l v\u00e1zszerkezet\u0171 csarnokban tal\u00e1lhat\u00f3. A hullad\u00e9kv\u00e1logat\u00f3 csarnokban szelekt\u00e1lt hullad\u00e9kok t\u00e1rol\u00e1s\u00e1ra 231,28 m2-es h\u00e1rom oldalr\u00f3l z\u00e1rt, egy oldalr\u00f3l nyitott ac\u00e9l v\u00e1zszerkezet\u0171 b\u00e1lat\u00e1rol\u00f3 sz\u00edn szolg\u00e1l. A vesz\u00e9lyes komponenseket nem tartalmaz\u00f3 v\u00e1logat\u00e1si marad\u00e9k a lerak\u00f3 t\u00e9ren \u00e1rtalmatlan\u00edthat\u00f3.<br \/>\nA v\u00e1logat\u00f3\u00e1llom\u00e1s elemei: h\u0151szigetelt v\u00e1logat\u00f3 kabin, felad\u00f3 sz\u00e1ll\u00edt\u00f3szalag, v\u00e1logat\u00f3szalag, m\u00e1gneses szepar\u00e1tor, b\u00e1l\u00e1z\u00f3 szalag, b\u00e1l\u00e1z\u00f3 g\u00e9p, b\u00e1larakod\u00f3 g\u00e9p.<\/p>\n<p style=\"text-align: justify;\">\n<p style=\"text-align: justify;\"><strong>Komposzt\u00e1l\u00f3<\/strong><\/p>\n<p style=\"text-align: justify;\">A szelekt\u00edven gy\u0171jt\u00f6tt szerves, biol\u00f3giailag bonthat\u00f3 (z\u00f6ld) hullad\u00e9k, valamint az ahhoz keverhet\u0151 szerves adal\u00e9kanyag, illetve arra alkalmas min\u0151s\u00e9g\u0171 szennyv\u00edziszap kezel\u00e9s\u00e9re szolg\u00e1l 12.000 t\/\u00e9v kapacit\u00e1ssal. A komposzt\u00e1l\u00f3 szab\u00e1lyozott leveg\u0151ztet\u00e9s\u0171, takart prizm\u00e1s technol\u00f3gi\u00e1val, illetve ny\u00edlt prizm\u00e1s technol\u00f3gi\u00e1val m\u0171k\u00f6dik.<\/p>\n<p style=\"text-align: justify;\">Lehet\u0151s\u00e9g van mechanikai-biol\u00f3giai sz\u00e1raz stabiliz\u00e1ci\u00f3ra is. A fel\u00fcleti vizeket a lejt\u00e9ssel kialak\u00edtott fel\u00fclet v\u00e1p\u00e1iban r\u00e1csos foly\u00f3k\u00e1k \u00e9s hordal\u00e9kfog\u00f3 vezeti el csatorn\u00e1n kereszt\u00fcl a csurgal\u00e9kv\u00edz t\u00e1roz\u00f3ba. A megfelel\u0151 nedvess\u00e9gtartalom biztos\u00edt\u00e1sa k\u00e9zi locsol\u00e1ssal t\u00f6rt\u00e9nik. A kialak\u00edt\u00e1sra ker\u00fcl\u0151 komposzt\u00e1l\u00f3t\u00e9ren 3 db 8 m sz\u00e9les \u00e9s 18 m hossz\u00fa komposztprizma alak\u00edthat\u00f3 ki 1-1 h\u00f3napos \u00e9rlel\u00e9si id\u0151vel. A prizm\u00e1k leveg\u0151ztet\u0151 csatorn\u00e1i egyben csurgal\u00e9kv\u00edz gy\u0171jt\u0151k is, a csurgal\u00e9kv\u00edz elvezet\u0151 csatorn\u00e1ba k\u00f6tnek be v\u00edzz\u00e1ras szifonon kereszt\u00fcl. A rost\u00e1l\u00e1si marad\u00e9k a lerak\u00f3 t\u00e9ren \u00e1rtalmatlan\u00edthat\u00f3.<br \/>\nA k\u00e9sz komposzt min\u0151s\u00e9g f\u00fcggv\u00e9ny\u00e9ben a hullad\u00e9k lerak\u00e1sn\u00e1l takar\u00f3r\u00e9tegnek, vagy mez\u0151gazdas\u00e1gi hasznos\u00edt\u00e1sra haszn\u00e1lhat\u00f3.<\/p>\n","protected":false},"excerpt":{"rendered":"<p>Dep\u00f3nia 4 db, egym\u00e1st\u00f3l oszt\u00f3t\u00f6lt\u00e9ssel elv\u00e1lasztott hullad\u00e9klerak\u00f3 kazetta: az \u00e9vente lerak\u00e1ssal \u00e1rtalmatlan\u00edt\u00e1sra ker\u00fcl\u0151 nem vesz\u00e9lyes hullad\u00e9k (D5 kezel\u00e9si k\u00f3d) mennyis\u00e9ge megk\u00f6zel\u00edt\u0151leg 40.000 t \/\u00e9v. A hullad\u00e9klerak\u00f3 kazett\u00e1i a 0409\/11 hrsz-\u00fa ter\u00fclet d\u00e9li k\u00e9tharmad\u00e1ban, 10 ha ter\u00fcletet foglalnak el, a dep\u00f3nia v\u00e9gs\u0151, tervezett \u00f6sszt\u00e9rfogata 915.000 t\u00f6m\u00f6r m3. V\u00e1logat\u00f3 Hullad\u00e9k ut\u00f3v\u00e1logat\u00f3 \u00e9s b\u00e1lat\u00e1rol\u00f3 csarnok: A 2 x [&hellip;]<\/p>\n","protected":false},"author":1,"featured_media":0,"parent":2,"menu_order":8,"comment_status":"closed","ping_status":"closed","template":"","meta":[],"_links":{"self":[{"href":"https:\/\/www.nhsztisza.hu\/new\/wp-json\/wp\/v2\/pages\/30"}],"collection":[{"href":"https:\/\/www.nhsztisza.hu\/new\/wp-json\/wp\/v2\/pages"}],"about":[{"href":"https:\/\/www.nhsztisza.hu\/new\/wp-json\/wp\/v2\/types\/page"}],"author":[{"embeddable":true,"href":"https:\/\/www.nhsztisza.hu\/new\/wp-json\/wp\/v2\/users\/1"}],"replies":[{"embeddable":true,"href":"https:\/\/www.nhsztisza.hu\/new\/wp-json\/wp\/v2\/comments?post=30"}],"version-history":[{"count":9,"href":"https:\/\/www.nhsztisza.hu\/new\/wp-json\/wp\/v2\/pages\/30\/revisions"}],"predecessor-version":[{"id":1091,"href":"https:\/\/www.nhsztisza.hu\/new\/wp-json\/wp\/v2\/pages\/30\/revisions\/1091"}],"up":[{"embeddable":true,"href":"https:\/\/www.nhsztisza.hu\/new\/wp-json\/wp\/v2\/pages\/2"}],"wp:attachment":[{"href":"https:\/\/www.nhsztisza.hu\/new\/wp-json\/wp\/v2\/media?parent=30"}],"curies":[{"name":"wp","href":"https:\/\/api.w.org\/{rel}","templated":true}]}}