{"id":26,"date":"2015-09-06T18:18:47","date_gmt":"2015-09-06T18:18:47","guid":{"rendered":"http:\/\/localhost\/nhsztisza\/?page_id=26"},"modified":"2026-04-16T10:16:05","modified_gmt":"2026-04-16T08:16:05","slug":"allasajanlatok","status":"publish","type":"page","link":"https:\/\/www.nhsztisza.hu\/new\/vallalatrol\/allasajanlatok\/","title":{"rendered":"\u00c1ll\u00e1saj\u00e1nlatok"},"content":{"rendered":"<p>Az NHSZ TISZA Nonprofit KFT. az al\u00e1bbi munkak\u00f6r\u00f6k bet\u00f6lt\u00e9s\u00e9re keres munkav\u00e1llal\u00f3kat:<\/p>\n<p>&#8211; g\u00e9pj\u00e1rm\u0171vezet\u0151,<\/p>\n<p>&#8211; g\u00e9ptiszt\u00edt\u00f3 \u00e9s karbantart\u00f3 seg\u00e9d,<\/p>\n<p>&#8211; rakod\u00f3.<\/p>\n<p>&nbsp;<\/p>\n<p>Amennyiben hossz\u00fa t\u00e1vra tervez, \u00e9s szeretne csapatunk tagja lenni, k\u00e9rj\u00fck, hogy \u00f6n\u00e9letrajz\u00e1t juttassa el r\u00e9sz\u00fcnkre szem\u00e9lyesen az <strong>5350 Tiszaf\u00fcred, H\u00fasz\u00f6les \u00fat 149.<\/strong> sz. alatti irod\u00e1nkba, vagy e-mail-ben a<strong> karrier.tisza@nhsz.hu<\/strong> c\u00edmre.<\/p>\n<p>Felh\u00edvjuk figyelm\u00e9t a telefonos el\u00e9rhet\u0151s\u00e9g\u00e9nek felt\u00fcntet\u00e9s\u00e9re.<\/p>\n<p>&nbsp;<\/p>\n","protected":false},"excerpt":{"rendered":"<p>Az NHSZ TISZA Nonprofit KFT. az al\u00e1bbi munkak\u00f6r\u00f6k bet\u00f6lt\u00e9s\u00e9re keres munkav\u00e1llal\u00f3kat: &#8211; g\u00e9pj\u00e1rm\u0171vezet\u0151, &#8211; g\u00e9ptiszt\u00edt\u00f3 \u00e9s karbantart\u00f3 seg\u00e9d, &#8211; rakod\u00f3. &nbsp; Amennyiben hossz\u00fa t\u00e1vra tervez, \u00e9s szeretne csapatunk tagja lenni, k\u00e9rj\u00fck, hogy \u00f6n\u00e9letrajz\u00e1t juttassa el r\u00e9sz\u00fcnkre szem\u00e9lyesen az 5350 Tiszaf\u00fcred, H\u00fasz\u00f6les \u00fat 149. sz. alatti irod\u00e1nkba, vagy e-mail-ben a karrier.tisza@nhsz.hu c\u00edmre. Felh\u00edvjuk figyelm\u00e9t a telefonos [&hellip;]<\/p>\n","protected":false},"author":1,"featured_media":0,"parent":2,"menu_order":4,"comment_status":"closed","ping_status":"closed","template":"","meta":[],"_links":{"self":[{"href":"https:\/\/www.nhsztisza.hu\/new\/wp-json\/wp\/v2\/pages\/26"}],"collection":[{"href":"https:\/\/www.nhsztisza.hu\/new\/wp-json\/wp\/v2\/pages"}],"about":[{"href":"https:\/\/www.nhsztisza.hu\/new\/wp-json\/wp\/v2\/types\/page"}],"author":[{"embeddable":true,"href":"https:\/\/www.nhsztisza.hu\/new\/wp-json\/wp\/v2\/users\/1"}],"replies":[{"embeddable":true,"href":"https:\/\/www.nhsztisza.hu\/new\/wp-json\/wp\/v2\/comments?post=26"}],"version-history":[{"count":22,"href":"https:\/\/www.nhsztisza.hu\/new\/wp-json\/wp\/v2\/pages\/26\/revisions"}],"predecessor-version":[{"id":4203,"href":"https:\/\/www.nhsztisza.hu\/new\/wp-json\/wp\/v2\/pages\/26\/revisions\/4203"}],"up":[{"embeddable":true,"href":"https:\/\/www.nhsztisza.hu\/new\/wp-json\/wp\/v2\/pages\/2"}],"wp:attachment":[{"href":"https:\/\/www.nhsztisza.hu\/new\/wp-json\/wp\/v2\/media?parent=26"}],"curies":[{"name":"wp","href":"https:\/\/api.w.org\/{rel}","templated":true}]}}