{"id":145,"date":"2015-09-10T11:33:47","date_gmt":"2015-09-10T11:33:47","guid":{"rendered":"http:\/\/localhost\/nhsztisza\/?page_id=145"},"modified":"2025-04-16T11:34:56","modified_gmt":"2025-04-16T09:34:56","slug":"szamlakep","status":"publish","type":"page","link":"https:\/\/www.nhsztisza.hu\/new\/hulladekgazdalkodasi-informaciok\/szamlakep\/","title":{"rendered":"Sz\u00e1mlak\u00e9p"},"content":{"rendered":"<p style=\"font: 14px\/normal 'Roboto Condensed Regular', sans-serif; text-align: justify; color: #404040; text-transform: none; text-indent: 0px; letter-spacing: normal; word-spacing: 0px; white-space: normal; widows: 1; font-size-adjust: none; font-stretch: normal; background-color: #ffffff; -webkit-text-stroke-width: 0px;\">10%-kal cs\u00f6kkent 2013. j\u00falius 1-j\u00e9t\u0151l a hullad\u00e9kgazd\u00e1lkod\u00e1si k\u00f6zszolg\u00e1ltat\u00e1si d\u00edj.<\/p>\n<p style=\"font: 14px\/normal 'Roboto Condensed Regular', sans-serif; text-align: justify; color: #404040; text-transform: none; text-indent: 0px; letter-spacing: normal; word-spacing: 0px; white-space: normal; widows: 1; font-size-adjust: none; font-stretch: normal; background-color: #ffffff; -webkit-text-stroke-width: 0px;\">Ennek megfelel\u0151en sz\u00e1ml\u00e1inkban eleget tett\u00fcnk a hullad\u00e9kr\u00f3l sz\u00f3l\u00f3 2012. \u00e9vi CLXXXV. t\u00f6rv\u00e9ny 91. \u00a7. (2) bekezd\u00e9s\u00e9nek, amely a hullad\u00e9kgazd\u00e1lkod\u00e1si k\u00f6zszolg\u00e1ltat\u00e1s\u00e9rt fizetend\u0151 szolg\u00e1ltat\u00e1si egys\u00e9gre jut\u00f3 \u00f6sszeget (bele\u00e9rtve az alapd\u00edjat) \u00fagy hat\u00e1rozza meg, hogy az nem haladhatja meg a 2012. \u00e1prilis 14. napj\u00e1n alkalmazott d\u00edj legfeljebb 4,2 sz\u00e1zal\u00e9kkal megemelt \u00f6sszeg\u00e9nek 90 sz\u00e1zal\u00e9k\u00e1t.<\/p>\n","protected":false},"excerpt":{"rendered":"<p>10%-kal cs\u00f6kkent 2013. j\u00falius 1-j\u00e9t\u0151l a hullad\u00e9kgazd\u00e1lkod\u00e1si k\u00f6zszolg\u00e1ltat\u00e1si d\u00edj. Ennek megfelel\u0151en sz\u00e1ml\u00e1inkban eleget tett\u00fcnk a hullad\u00e9kr\u00f3l sz\u00f3l\u00f3 2012. \u00e9vi CLXXXV. t\u00f6rv\u00e9ny 91. \u00a7. (2) bekezd\u00e9s\u00e9nek, amely a hullad\u00e9kgazd\u00e1lkod\u00e1si k\u00f6zszolg\u00e1ltat\u00e1s\u00e9rt fizetend\u0151 szolg\u00e1ltat\u00e1si egys\u00e9gre jut\u00f3 \u00f6sszeget (bele\u00e9rtve az alapd\u00edjat) \u00fagy hat\u00e1rozza meg, hogy az nem haladhatja meg a 2012. \u00e1prilis 14. napj\u00e1n alkalmazott d\u00edj legfeljebb 4,2 sz\u00e1zal\u00e9kkal [&hellip;]<\/p>\n","protected":false},"author":1,"featured_media":0,"parent":34,"menu_order":10,"comment_status":"closed","ping_status":"closed","template":"","meta":[],"_links":{"self":[{"href":"https:\/\/www.nhsztisza.hu\/new\/wp-json\/wp\/v2\/pages\/145"}],"collection":[{"href":"https:\/\/www.nhsztisza.hu\/new\/wp-json\/wp\/v2\/pages"}],"about":[{"href":"https:\/\/www.nhsztisza.hu\/new\/wp-json\/wp\/v2\/types\/page"}],"author":[{"embeddable":true,"href":"https:\/\/www.nhsztisza.hu\/new\/wp-json\/wp\/v2\/users\/1"}],"replies":[{"embeddable":true,"href":"https:\/\/www.nhsztisza.hu\/new\/wp-json\/wp\/v2\/comments?post=145"}],"version-history":[{"count":6,"href":"https:\/\/www.nhsztisza.hu\/new\/wp-json\/wp\/v2\/pages\/145\/revisions"}],"predecessor-version":[{"id":3614,"href":"https:\/\/www.nhsztisza.hu\/new\/wp-json\/wp\/v2\/pages\/145\/revisions\/3614"}],"up":[{"embeddable":true,"href":"https:\/\/www.nhsztisza.hu\/new\/wp-json\/wp\/v2\/pages\/34"}],"wp:attachment":[{"href":"https:\/\/www.nhsztisza.hu\/new\/wp-json\/wp\/v2\/media?parent=145"}],"curies":[{"name":"wp","href":"https:\/\/api.w.org\/{rel}","templated":true}]}}