{"id":120,"date":"2015-09-10T11:28:14","date_gmt":"2015-09-10T11:28:14","guid":{"rendered":"http:\/\/localhost\/nhsztisza\/?page_id=120"},"modified":"2026-04-08T14:31:59","modified_gmt":"2026-04-08T12:31:59","slug":"lomtalanitas","status":"publish","type":"page","link":"https:\/\/www.nhsztisza.hu\/new\/szolgaltatasaink\/lomtalanitas\/","title":{"rendered":"Lomtalan\u00edt\u00e1s"},"content":{"rendered":"<p><strong>Lomtalan\u00edt\u00e1si\u00a0t\u00e1j\u00e9koztat\u00f3<\/strong><\/p>\n<p>Lomhullad\u00e9kk\u00e9nt a k\u00f6vetkez\u0151 hullad\u00e9kokat sz\u00e1ll\u00edtjuk el:<\/p>\n<ul>\n<li>nagyobb m\u00e9ret\u0171 szil\u00e1rd hullad\u00e9kok,<\/li>\n<li>berendez\u00e9si t\u00e1rgyak,<\/li>\n<li>b\u00fatorzat,<\/li>\n<li>\u00e1gybet\u00e9t,<\/li>\n<li>ruhanem\u0171.<\/li>\n<\/ul>\n<p>A jogszab\u00e1lyok \u00e1ltal vesz\u00e9lyesnek min\u0151s\u00edtett hullad\u00e9kot \u00e9s az \u00e9p\u00edt\u00e9si-, bont\u00e1si t\u00f6rmel\u00e9ket nem \u00e1ll m\u00f3dunkban elsz\u00e1ll\u00edtani. Egy ingatlant\u00f3l annyi lomhullad\u00e9kot sz\u00e1ll\u00edtunk el, ami norm\u00e1l \u00e9letvitel mellett, 1 \u00e9v alatt keletkezhet az ingatlann\u00e1l, de maximum 2 m\u00b3 lehet.<br \/>\nK\u00e9rj\u00fck a fentiek sz\u00edves tudom\u00e1sulv\u00e9tel\u00e9t \u00e9s betart\u00e1s\u00e1t!<\/p>\n<p><strong>A lomtalan\u00edt\u00e1s reggel 6 \u00f3r\u00e1t\u00f3l kezd\u0151dik.<\/strong> A lomhullad\u00e9kot, a k\u00f6zter\u00fclet-foglal\u00e1s szab\u00e1lyait betartva az ingatlan el\u00e9 kell kihelyezni \u00fagy, hogy azt a begy\u0171jt\u00e9st v\u00e9gz\u0151 g\u00e9pj\u00e1rm\u0171 meg tudja k\u00f6zel\u00edteni \u00e9s a rakod\u00e1s biztons\u00e1gosan, balesetmentesen legyen elv\u00e9gezhet\u0151. A kis t\u00e9rfogat\u00fa szil\u00e1rd hullad\u00e9kokat \u00f6sszek\u00f6t\u00f6tt zs\u00e1kban k\u00e9rj\u00fck kihelyezni. A zs\u00e1kok megt\u00f6lt\u00e9s\u00e9n\u00e9l figyelni kell arra, hogy azok k\u00e9zi er\u0151vel mozgathat\u00f3ak legyenek.<br \/>\n<strong>A fentiekt\u0151l elt\u00e9r\u0151 m\u00f3don kihelyezett hullad\u00e9kokat nem sz\u00e1ll\u00edtjuk el.<\/strong><\/p>\n<p><strong>Felh\u00edvjuk a Tisztelt Lakoss\u00e1g figyelm\u00e9t, hogy a lomtalan\u00edt\u00e1s sor\u00e1n k\u00f6zter\u00fcletre helyezett hullad\u00e9k nem az ingatlantulajdonos tulajdon\u00e1t k\u00e9pezi, \u00edgy annak a ter\u00fcleti szolg\u00e1ltat\u00f3n, vagy megb\u00edzottj\u00e1n k\u00edv\u00fcl b\u00e1rki m\u00e1s \u00e1ltal t\u00f6rt\u00e9n\u0151 elsz\u00e1ll\u00edt\u00e1sa jogtalan eltulajdon\u00edt\u00e1snak min\u0151s\u00fcl!<\/strong><\/p>\n<p><strong>Lomtalan\u00edt\u00e1st kiz\u00e1r\u00f3lag azon \u00fcgyfeleink r\u00e9sz\u00e9re biztos\u00edtjuk, akik a lakoss\u00e1gi k\u00f6zszolg\u00e1ltat\u00e1si r\u00e9sztev\u00e9kenys\u00e9get ig\u00e9nybe veszik.<\/strong><\/p>\n<p>A lomhullad\u00e9k nem tartalmazhat:<\/p>\n<ul>\n<li>h\u00e1ztart\u00e1si hullad\u00e9kot,<\/li>\n<li>vesz\u00e9lyes anyagot tartalmaz\u00f3 f\u00e9mhullad\u00e9kokat, faforg\u00e1csot, old\u00f3szereket, szerves old\u00f3szereket, savakat, l\u00fagokat, neh\u00e9zf\u00e9m tartalm\u00fa hullad\u00e9kot, olajos rongyokat, f\u00e1radt olajat, olajsz\u0171r\u0151ket, fert\u0151z\u0151 hullad\u00e9kokat (\u00e1llati tetem, tr\u00e1gya), gy\u00f3gyszereket, permetszereket \u00e9s azok dobozait,<\/li>\n<li>azbesztet tartalmaz\u00f3 hullad\u00e9kokat,<\/li>\n<li>\u00e9les-hegyes eszk\u00f6z\u00f6ket (injekci\u00f3s t\u0171k, fecskend\u0151k, v\u00e1g\u00f3-sz\u00far\u00f3eszk\u00f6z\u00f6k),<\/li>\n<li>\u00e9p\u00edt\u00e9si t\u00f6rmel\u00e9ket, \u00e9p\u00fcletbont\u00e1sb\u00f3l sz\u00e1rmaz\u00f3 hullad\u00e9kot,<\/li>\n<li>gumik\u00f6penyt, aut\u00f3bont\u00e1sb\u00f3l sz\u00e1rmaz\u00f3 hullad\u00e9kot, aut\u00f3roncsokat,<\/li>\n<li>elektronikai hullad\u00e9kot<\/li>\n<li>z\u00f6ldhullad\u00e9kot.<\/li>\n<\/ul>\n<p>K\u00f6rnyezet\u00fcnk meg\u00f3v\u00e1sa \u00e9rdek\u00e9ben k\u00f6sz\u00f6nj\u00fck a lomtalan\u00edt\u00e1sban val\u00f3 seg\u00edt\u0151 k\u00f6zrem\u0171k\u00f6d\u00e9s\u00fcket!<\/p>\n<p><strong>Lomtalan\u00edt\u00e1si id\u0151pontok 2026. \u00e9vben:<br \/>\n<\/strong><\/p>\n<p>Ab\u00e1dszal\u00f3k:<\/p>\n<p>Berekf\u00fcrd\u0151:<\/p>\n<p>Beseny\u0151telek:\u00a0<del><strong><br \/>\n<\/strong><\/del><\/p>\n<p>Dorm\u00e1nd: 2026.04.27.<strong><br \/>\n<\/strong><\/p>\n<p>Egerfarmos: 2026.03.03.<\/p>\n<p>Egyek: 2026.03.10.<strong><br \/>\n<\/strong><\/p>\n<p>Fegyvernek:<\/p>\n<p>Foly\u00e1s: 2026.03.24.<\/p>\n<p>F\u00fczesabony: 2026.03.21.<\/p>\n<p>Hortob\u00e1gy: 2026.04.29.<\/p>\n<p>Karcag:<\/p>\n<p>Kenderes:<\/p>\n<p>Kis\u00fajsz\u00e1ll\u00e1s:<\/p>\n<p>Kunhegyes: 2026.03.07.<\/p>\n<p>Kunmadaras: 2026.04.30.<\/p>\n<p>Mez\u0151szemere: 2026.03.02.<\/p>\n<p>Mez\u0151t\u00e1rk\u00e1ny:<\/p>\n<p>Nagyiv\u00e1n: 2026.03.30.<\/p>\n<p>Poroszl\u00f3:<\/p>\n<p>Sarud:\u00a0<strong><br \/>\n<\/strong><\/p>\n<p>Szihalom, Szihalom-Zs\u00f3ry:<\/p>\n<p>Tiszabura: 2026.03.07.<\/p>\n<p>Tiszacsege:<\/p>\n<p>Tiszaderzs: 2026.03.26.<\/p>\n<p>Tiszaf\u00fcred: 2026.04.18.<strong><span style=\"color: #ff0000;\"><br \/>\n<\/span><\/strong><\/p>\n<p>Tiszagyenda: 2026.03.07.<del><\/del><\/p>\n<p>Tiszaigar: 2026.03.27.<del><\/del><\/p>\n<p>Tisza\u00f6rs: 2026.03.31.<\/p>\n<p>Tiszaroff:<\/p>\n<p>Tiszaszentimre: 2026.03.17.<strong><br \/>\n<\/strong><\/p>\n<p>Tiszasz\u0151l\u0151s: 2026.04.23.<del><\/del><\/p>\n<p>Tomajmonostora: 2026.03.25.<\/p>\n<p>T\u00farkeve:<\/p>\n<p>\u00dajl\u0151rincfalva: 2026.04.28.<\/p>\n<p>\u00dajszentmargita: 2026.03.23.<\/p>\n","protected":false},"excerpt":{"rendered":"<p>Lomtalan\u00edt\u00e1si\u00a0t\u00e1j\u00e9koztat\u00f3 Lomhullad\u00e9kk\u00e9nt a k\u00f6vetkez\u0151 hullad\u00e9kokat sz\u00e1ll\u00edtjuk el: nagyobb m\u00e9ret\u0171 szil\u00e1rd hullad\u00e9kok, berendez\u00e9si t\u00e1rgyak, b\u00fatorzat, \u00e1gybet\u00e9t, ruhanem\u0171. A jogszab\u00e1lyok \u00e1ltal vesz\u00e9lyesnek min\u0151s\u00edtett hullad\u00e9kot \u00e9s az \u00e9p\u00edt\u00e9si-, bont\u00e1si t\u00f6rmel\u00e9ket nem \u00e1ll m\u00f3dunkban elsz\u00e1ll\u00edtani. Egy ingatlant\u00f3l annyi lomhullad\u00e9kot sz\u00e1ll\u00edtunk el, ami norm\u00e1l \u00e9letvitel mellett, 1 \u00e9v alatt keletkezhet az ingatlann\u00e1l, de maximum 2 m\u00b3 lehet. K\u00e9rj\u00fck a fentiek [&hellip;]<\/p>\n","protected":false},"author":1,"featured_media":0,"parent":32,"menu_order":6,"comment_status":"closed","ping_status":"closed","template":"","meta":[],"_links":{"self":[{"href":"https:\/\/www.nhsztisza.hu\/new\/wp-json\/wp\/v2\/pages\/120"}],"collection":[{"href":"https:\/\/www.nhsztisza.hu\/new\/wp-json\/wp\/v2\/pages"}],"about":[{"href":"https:\/\/www.nhsztisza.hu\/new\/wp-json\/wp\/v2\/types\/page"}],"author":[{"embeddable":true,"href":"https:\/\/www.nhsztisza.hu\/new\/wp-json\/wp\/v2\/users\/1"}],"replies":[{"embeddable":true,"href":"https:\/\/www.nhsztisza.hu\/new\/wp-json\/wp\/v2\/comments?post=120"}],"version-history":[{"count":190,"href":"https:\/\/www.nhsztisza.hu\/new\/wp-json\/wp\/v2\/pages\/120\/revisions"}],"predecessor-version":[{"id":4197,"href":"https:\/\/www.nhsztisza.hu\/new\/wp-json\/wp\/v2\/pages\/120\/revisions\/4197"}],"up":[{"embeddable":true,"href":"https:\/\/www.nhsztisza.hu\/new\/wp-json\/wp\/v2\/pages\/32"}],"wp:attachment":[{"href":"https:\/\/www.nhsztisza.hu\/new\/wp-json\/wp\/v2\/media?parent=120"}],"curies":[{"name":"wp","href":"https:\/\/api.w.org\/{rel}","templated":true}]}}