{"id":1066,"date":"2018-08-04T07:03:31","date_gmt":"2018-08-04T06:03:31","guid":{"rendered":"http:\/\/www.nhsztisza.hu\/new\/?page_id=1066"},"modified":"2018-08-04T07:09:35","modified_gmt":"2018-08-04T06:09:35","slug":"gazdalkodasi-adatok","status":"publish","type":"page","link":"https:\/\/www.nhsztisza.hu\/new\/gazdalkodasi-adatok\/","title":{"rendered":"Gazd\u00e1lkod\u00e1si adatok"},"content":{"rendered":"<h2><span class=\"green\">Besz\u00e1mol\u00f3<\/span><\/h2>\n<p><a href=\"http:\/\/nhsztisza.hu\/eeb2014.pdf\">Egyszer\u0171s\u00edtett \u00e9ves besz\u00e1mol\u00f3 2014<\/a><br \/>\n<a href=\"http:\/\/nhsztisza.hu\/eeb2013.pdf\">Egyszer\u0171s\u00edtett \u00e9ves besz\u00e1mol\u00f3 2013<\/a><\/p>\n","protected":false},"excerpt":{"rendered":"<p>Besz\u00e1mol\u00f3 Egyszer\u0171s\u00edtett \u00e9ves besz\u00e1mol\u00f3 2014 Egyszer\u0171s\u00edtett \u00e9ves besz\u00e1mol\u00f3 2013<\/p>\n","protected":false},"author":1,"featured_media":0,"parent":0,"menu_order":0,"comment_status":"closed","ping_status":"closed","template":"","meta":[],"_links":{"self":[{"href":"https:\/\/www.nhsztisza.hu\/new\/wp-json\/wp\/v2\/pages\/1066"}],"collection":[{"href":"https:\/\/www.nhsztisza.hu\/new\/wp-json\/wp\/v2\/pages"}],"about":[{"href":"https:\/\/www.nhsztisza.hu\/new\/wp-json\/wp\/v2\/types\/page"}],"author":[{"embeddable":true,"href":"https:\/\/www.nhsztisza.hu\/new\/wp-json\/wp\/v2\/users\/1"}],"replies":[{"embeddable":true,"href":"https:\/\/www.nhsztisza.hu\/new\/wp-json\/wp\/v2\/comments?post=1066"}],"version-history":[{"count":2,"href":"https:\/\/www.nhsztisza.hu\/new\/wp-json\/wp\/v2\/pages\/1066\/revisions"}],"predecessor-version":[{"id":1070,"href":"https:\/\/www.nhsztisza.hu\/new\/wp-json\/wp\/v2\/pages\/1066\/revisions\/1070"}],"wp:attachment":[{"href":"https:\/\/www.nhsztisza.hu\/new\/wp-json\/wp\/v2\/media?parent=1066"}],"curies":[{"name":"wp","href":"https:\/\/api.w.org\/{rel}","templated":true}]}}